{"id":1040,"date":"2019-03-13T21:14:55","date_gmt":"2019-03-14T00:14:55","guid":{"rendered":"https:\/\/ies9026-mza.infd.edu.ar\/sitio\/?page_id=1040"},"modified":"2019-03-13T21:14:55","modified_gmt":"2019-03-14T00:14:55","slug":"convocatoria-2019","status":"publish","type":"page","link":"https:\/\/ies9026-infd.mendoza.edu.ar\/sitio\/convocatoria-2019\/","title":{"rendered":"Convocatoria 2019"},"content":{"rendered":"<p><a href=\"https:\/\/ies9026-infd.mendoza.edu.ar\/sitio\/wp-content\/uploads\/2019\/03\/Convocatoria-2019-\u00c1rea-de-Investigaci\u00f3n-CGES.pdf\">Convocatoria 2019 (\u00c1rea de Investigaci\u00f3n, CGES)<\/a><\/p>\n<p>Estimados<\/p>\n<p>El \u00e1rea de investigaci\u00f3n de la CGES convoca a los IES a presentar proyectos de investigaci\u00f3n, entrega de informes finales y de avance. En el adjunto aparece la informaci\u00f3n pertinente. Quienes quieran participar de proyectos nuevos por favor contactarse con la Jefatura de investigaci\u00f3n de nuestro instituto. sobre todo aquellos docentes que hayan reasignado.<\/p>\n","protected":false},"excerpt":{"rendered":"<p>Convocatoria 2019 (\u00c1rea de Investigaci\u00f3n, CGES) Estimados El \u00e1rea de investigaci\u00f3n de la CGES convoca a los IES a presentar proyectos de investigaci\u00f3n, entrega de informes finales y de avance. En el adjunto aparece la informaci\u00f3n pertinente. Quienes quieran participar de proyectos nuevos por favor contactarse con la Jefatura de investigaci\u00f3n de nuestro instituto. sobre &#8230; <a title=\"Convocatoria 2019\" class=\"read-more\" href=\"https:\/\/ies9026-infd.mendoza.edu.ar\/sitio\/convocatoria-2019\/\" aria-label=\"More on Convocatoria 2019\">[+]<\/a><\/p>\n","protected":false},"author":816,"featured_media":0,"parent":0,"menu_order":0,"comment_status":"closed","ping_status":"closed","template":"","meta":[],"acf":[],"_links":{"self":[{"href":"https:\/\/ies9026-infd.mendoza.edu.ar\/sitio\/wp-json\/wp\/v2\/pages\/1040"}],"collection":[{"href":"https:\/\/ies9026-infd.mendoza.edu.ar\/sitio\/wp-json\/wp\/v2\/pages"}],"about":[{"href":"https:\/\/ies9026-infd.mendoza.edu.ar\/sitio\/wp-json\/wp\/v2\/types\/page"}],"author":[{"embeddable":true,"href":"https:\/\/ies9026-infd.mendoza.edu.ar\/sitio\/wp-json\/wp\/v2\/users\/816"}],"replies":[{"embeddable":true,"href":"https:\/\/ies9026-infd.mendoza.edu.ar\/sitio\/wp-json\/wp\/v2\/comments?post=1040"}],"version-history":[{"count":1,"href":"https:\/\/ies9026-infd.mendoza.edu.ar\/sitio\/wp-json\/wp\/v2\/pages\/1040\/revisions"}],"predecessor-version":[{"id":1042,"href":"https:\/\/ies9026-infd.mendoza.edu.ar\/sitio\/wp-json\/wp\/v2\/pages\/1040\/revisions\/1042"}],"wp:attachment":[{"href":"https:\/\/ies9026-infd.mendoza.edu.ar\/sitio\/wp-json\/wp\/v2\/media?parent=1040"}],"curies":[{"name":"wp","href":"https:\/\/api.w.org\/{rel}","templated":true}]}}