{"id":1373,"date":"2020-02-10T12:24:13","date_gmt":"2020-02-10T15:24:13","guid":{"rendered":"https:\/\/ies9026-mza.infd.edu.ar\/sitio\/?page_id=1373"},"modified":"2026-09-03T19:03:35","modified_gmt":"2026-09-03T22:03:35","slug":"programa-de-tec-superior-en-administracion-de-empresas-de-la-salud","status":"publish","type":"page","link":"https:\/\/ies9026-infd.mendoza.edu.ar\/sitio\/programa-de-tec-superior-en-administracion-de-empresas-de-la-salud\/","title":{"rendered":"Programa de Tec. Superior en Gesti\u00f3n de las Organizaciones de la Salud"},"content":{"rendered":"<p>El formulario de Pre-Inscripci\u00f3n se habilita en septiembre-octubre. Se comunicar\u00e1 su habilitaci\u00f3n en las redes de la instituci\u00f3n.<\/p>\n<p><a href=\"https:\/\/forms.gle\/1SqaEXXtf2pxu2z36\" target=\"_blank\" rel=\"noopener\"><img decoding=\"async\" loading=\"lazy\" class=\"alignnone size-medium wp-image-4527\" src=\"https:\/\/ies9026-infd.mendoza.edu.ar\/sitio\/wp-content\/uploads\/2026\/09\/Copia-de-Copia-de-banner-1000x250.png\" alt=\"\" width=\"1000\" height=\"250\" srcset=\"https:\/\/ies9026-infd.mendoza.edu.ar\/sitio\/wp-content\/uploads\/2026\/09\/Copia-de-Copia-de-banner-1000x250.png 1000w, https:\/\/ies9026-infd.mendoza.edu.ar\/sitio\/wp-content\/uploads\/2026\/09\/Copia-de-Copia-de-banner-768x192.png 768w, https:\/\/ies9026-infd.mendoza.edu.ar\/sitio\/wp-content\/uploads\/2026\/09\/Copia-de-Copia-de-banner-1536x384.png 1536w, https:\/\/ies9026-infd.mendoza.edu.ar\/sitio\/wp-content\/uploads\/2026\/09\/Copia-de-Copia-de-banner.png 1584w\" sizes=\"(max-width: 1000px) 100vw, 1000px\" \/><\/a><\/p>\n\n\n<div class=\"wp-block-file\"><object class=\"wp-block-file__embed\" data=\"https:\/\/ies9026-infd.mendoza.edu.ar\/sitio\/wp-content\/uploads\/2026\/09\/ANEXO-TS-en-Gestion-de-las-Organizaciones-de-la-Salud-1-1.pdf\" type=\"application\/pdf\" style=\"width:100%;height:600px\" aria-label=\"Incrustado de ANEXO-TS-en-Gestion-de-las-Organizaciones-de-la-Salud-1-1.\"><\/object><a id=\"wp-block-file--media-586b7ce6-0d19-4f0c-a925-f6ca6cfce0f5\" href=\"https:\/\/ies9026-infd.mendoza.edu.ar\/sitio\/wp-content\/uploads\/2026\/09\/ANEXO-TS-en-Gestion-de-las-Organizaciones-de-la-Salud-1-1.pdf\">ANEXO-TS-en-Gestion-de-las-Organizaciones-de-la-Salud-1-1<\/a><a href=\"https:\/\/ies9026-infd.mendoza.edu.ar\/sitio\/wp-content\/uploads\/2026\/09\/ANEXO-TS-en-Gestion-de-las-Organizaciones-de-la-Salud-1-1.pdf\" class=\"wp-block-file__button wp-element-button\" download aria-describedby=\"wp-block-file--media-586b7ce6-0d19-4f0c-a925-f6ca6cfce0f5\">Descarga<\/a><\/div>\n","protected":false},"excerpt":{"rendered":"<p>El formulario de Pre-Inscripci\u00f3n se habilita en septiembre-octubre. Se comunicar\u00e1 su habilitaci\u00f3n en las redes de la instituci\u00f3n.<\/p>\n","protected":false},"author":635,"featured_media":0,"parent":0,"menu_order":0,"comment_status":"closed","ping_status":"closed","template":"","meta":[],"acf":[],"_links":{"self":[{"href":"https:\/\/ies9026-infd.mendoza.edu.ar\/sitio\/wp-json\/wp\/v2\/pages\/1373"}],"collection":[{"href":"https:\/\/ies9026-infd.mendoza.edu.ar\/sitio\/wp-json\/wp\/v2\/pages"}],"about":[{"href":"https:\/\/ies9026-infd.mendoza.edu.ar\/sitio\/wp-json\/wp\/v2\/types\/page"}],"author":[{"embeddable":true,"href":"https:\/\/ies9026-infd.mendoza.edu.ar\/sitio\/wp-json\/wp\/v2\/users\/635"}],"replies":[{"embeddable":true,"href":"https:\/\/ies9026-infd.mendoza.edu.ar\/sitio\/wp-json\/wp\/v2\/comments?post=1373"}],"version-history":[{"count":10,"href":"https:\/\/ies9026-infd.mendoza.edu.ar\/sitio\/wp-json\/wp\/v2\/pages\/1373\/revisions"}],"predecessor-version":[{"id":4529,"href":"https:\/\/ies9026-infd.mendoza.edu.ar\/sitio\/wp-json\/wp\/v2\/pages\/1373\/revisions\/4529"}],"wp:attachment":[{"href":"https:\/\/ies9026-infd.mendoza.edu.ar\/sitio\/wp-json\/wp\/v2\/media?parent=1373"}],"curies":[{"name":"wp","href":"https:\/\/api.w.org\/{rel}","templated":true}]}}

Programa de Tec. Superior en Gestión de las Organizaciones de la Salud

<p>El formulario de Pre-Inscripción se habilita en septiembre-octubre. Se comunicará su habilitación en las redes de la institución.</p>
<p><a href="https://forms.gle/1SqaEXXtf2pxu2z36" target="_blank" rel="noopener"><img decoding="async" loading="lazy" class="alignnone size-medium wp-image-4527" src="https://ies9026-infd.mendoza.edu.ar/sitio/wp-content/uploads/2026/09/Copia-de-Copia-de-banner-1000x250.png" alt="" width="1000" height="250" srcset="https://ies9026-infd.mendoza.edu.ar/sitio/wp-content/uploads/2026/09/Copia-de-Copia-de-banner-1000x250.png 1000w, https://ies9026-infd.mendoza.edu.ar/sitio/wp-content/uploads/2026/09/Copia-de-Copia-de-banner-768x192.png 768w, https://ies9026-infd.mendoza.edu.ar/sitio/wp-content/uploads/2026/09/Copia-de-Copia-de-banner-1536x384.png 1536w, https://ies9026-infd.mendoza.edu.ar/sitio/wp-content/uploads/2026/09/Copia-de-Copia-de-banner.png 1584w" sizes="(max-width: 1000px) 100vw, 1000px" /></a></p>


<div class="wp-block-file"><object class="wp-block-file__embed" data="https://ies9026-infd.mendoza.edu.ar/sitio/wp-content/uploads/2026/09/ANEXO-TS-en-Gestion-de-las-Organizaciones-de-la-Salud-1-1.pdf" type="application/pdf" style="width:100%;height:600px" aria-label="Incrustado de ANEXO-TS-en-Gestion-de-las-Organizaciones-de-la-Salud-1-1."></object><a id="wp-block-file--media-586b7ce6-0d19-4f0c-a925-f6ca6cfce0f5" href="https://ies9026-infd.mendoza.edu.ar/sitio/wp-content/uploads/2026/09/ANEXO-TS-en-Gestion-de-las-Organizaciones-de-la-Salud-1-1.pdf">ANEXO-TS-en-Gestion-de-las-Organizaciones-de-la-Salud-1-1</a><a href="https://ies9026-infd.mendoza.edu.ar/sitio/wp-content/uploads/2026/09/ANEXO-TS-en-Gestion-de-las-Organizaciones-de-la-Salud-1-1.pdf" class="wp-block-file__button wp-element-button" download aria-describedby="wp-block-file--media-586b7ce6-0d19-4f0c-a925-f6ca6cfce0f5">Descarga</a></div>

<p>El formulario de Pre-Inscripción se habilita en septiembre-octubre. Se comunicará su habilitación en las redes de la institución.</p>
