{"id":2632,"date":"2022-04-07T11:11:38","date_gmt":"2022-04-07T14:11:38","guid":{"rendered":"https:\/\/ies9026-infd.mendoza.edu.ar\/sitio\/?page_id=2632"},"modified":"2023-11-01T13:48:10","modified_gmt":"2023-11-01T16:48:10","slug":"postitulo-enfermeria-industrial-en-alta-montana-mineria-y-petroleo","status":"publish","type":"page","link":"https:\/\/ies9026-infd.mendoza.edu.ar\/sitio\/postitulo-enfermeria-industrial-en-alta-montana-mineria-y-petroleo\/","title":{"rendered":"ESPECIALIZACI\u00d3N: Enfermer\u00eda Industrial, en Alta monta\u00f1a, Miner\u00eda y Petr\u00f3leo"},"content":{"rendered":"\n<p>Recibir\u00e1 m\u00e1s informaci\u00f3n luego de realizar la inscripci\u00f3n.<\/p>\n\n\n\n<div class=\"wp-block-buttons is-layout-flex\">\n<div class=\"wp-block-button\"><a class=\"wp-block-button__link has-black-color has-cyan-bluish-gray-background-color has-text-color has-background wp-element-button\" href=\"https:\/\/forms.gle\/d36hSYFthHHoCbFS8\" target=\"_blank\" rel=\"noreferrer noopener\">LINK DE INSCRIPCI\u00d3N<\/a><\/div>\n<\/div>\n\n\n<div class=\"wp-block-image\">\n<figure class=\"aligncenter size-large\"><img decoding=\"async\" loading=\"lazy\" width=\"1343\" height=\"1900\" src=\"https:\/\/ies9026-infd.mendoza.edu.ar\/sitio\/wp-content\/uploads\/2023\/05\/Enf-1343x1900.png\" alt=\"\" class=\"wp-image-3121\" srcset=\"https:\/\/ies9026-infd.mendoza.edu.ar\/sitio\/wp-content\/uploads\/2023\/05\/Enf-1343x1900.png 1343w, https:\/\/ies9026-infd.mendoza.edu.ar\/sitio\/wp-content\/uploads\/2023\/05\/Enf-707x1000.png 707w, https:\/\/ies9026-infd.mendoza.edu.ar\/sitio\/wp-content\/uploads\/2023\/05\/Enf-768x1086.png 768w, https:\/\/ies9026-infd.mendoza.edu.ar\/sitio\/wp-content\/uploads\/2023\/05\/Enf-1086x1536.png 1086w, https:\/\/ies9026-infd.mendoza.edu.ar\/sitio\/wp-content\/uploads\/2023\/05\/Enf.png 1414w\" sizes=\"(max-width: 1343px) 100vw, 1343px\" \/><\/figure><\/div>\n\n\n<p>\u25cf <strong>FORMATO DE CURSADO<\/strong>: quincenal y bimodal. Seg\u00fan el m\u00f3dulo<\/p>\n\n\n\n<ol>\n<li>Presenciales f\u00edsicas, en su mayor\u00eda dado que es una Especializaci\u00f3n<br>que tiene una carga horaria importante de pr\u00e1ctica.<\/li>\n\n\n\n<li>Virtuales sincr\u00f3nicas (VS), es decir al mismo tiempo profesor y<br>postulante se comunican por un medio audiovisual virtual<br>(videollamada).<\/li>\n\n\n\n<li>Virtuales asincr\u00f3nicas (VAS), es decir el\/la profesor\/a sube una<br>propuesta\/clase a la Plataforma, de la cual uds. ser\u00e1n usuarios, y el<br>postulante la resuelve en los tiempos que disponga, siempre<br>cumpliendo con la fecha de entrega que se\u00f1ale el\/la docente.<\/li>\n<\/ol>\n\n\n\n<p>\u25cf <strong>HORARIO DE CURSADO:<\/strong><br>En general es quincenalmente, no siempre coincide exactamente cada 15 d\u00edas:<br>Viernes de 18.30 a 21.30 hs.<br>S\u00e1bados de 8.30 a 13.30 hs.<br>Pueden variar a lo largo de toda la propuesta dependiendo de los m\u00f3dulos, la carga horaria de la propuesta y las pr\u00e1cticas de campo. Si<br>hubieran cambios ser\u00e1n comunicados oportunamente.<br>\u25cf <strong>VALOR ECON\u00d3MICO:<\/strong><br>Inscripci\u00f3n: mayo &#8211; junio 2023 $7.000 (puede ser en dos cuotas. Se plantea al momento de abonar)<br>Cuotas: 24 cuotas consecutivas.<br>1\u00ba a\u00f1o desde JULIO 2023: $6000 se ajustar\u00e1n semestralmente los valores mensuales.<br>Todas las cuotas mensuales a cancelar del 1 al 10. Pasado el 10 de cada mes tendr\u00e1n intereses.<br><br>\u25cf <strong>CERTIFICADO DE APTITUD PSICOF\u00cdSICA:<\/strong><br>Inicialmente se solicita un certificado de aptitud psicof\u00edsica como estudiante que podr\u00e1n entregar en los meses de julio &#8211; agosto de 2023.<\/p>\n\n\n\n<p>Posteriormente se solicitar\u00e1 certificado de aptitud psicof\u00edsica de alto rendimiento y trabajo en altura a fin de contar con las condiciones necesarias para la Pr\u00e1ctica de campo.<br>Algunos de los \u00edtems a explorar que contempla dicho certificados son:<br>\u25cf \u00cdndice de masa corporal<br>\u25cf Saturaci\u00f3n de ox\u00edgeno<br>\u25cf Frecuencia card\u00edaca<br>\u25cf Tensi\u00f3n arterial<br>El resto de los \u00edtems ser\u00e1n precisados oportunamente por los profesionales.<br>La fecha de entrega del mismo se informar\u00e1 seg\u00fan corresponda ya que los tiempos de validez del certificado son acotados.<br>\u25cf <strong>PR\u00c1CTICAS PROFESIONALIZANTES:<\/strong><br>Tienen un costo de equipamiento, traslado y otros propios de la Pr\u00e1ctica Profesional a cargo del estudiante.<\/p>\n\n\n\n<p>\u25cf <strong>INSCRIPCI\u00d3N:<\/strong> PASOS:<br>1) VIRTUAL: se inscriben en el formulario. Una vez recibida la confirmaci\u00f3n<br>de inscripci\u00f3n por mail contin\u00faan con paso 2.<br>2) PRESENCIAL: Dpto Alumnos de lunes a jueves de 9 a 20 hs para firmar<br>acuerdo y abonar inscripci\u00f3n.<br>Se consideran inscriptos quienes tengan los dos pasos completos.<br>Sobre estos inscritos se eval\u00faa la posibilidad de apertura de la 2\u00ba cohorte<br>con el m\u00ednimo necesario.<\/p>\n","protected":false},"excerpt":{"rendered":"<p>Recibir\u00e1 m\u00e1s informaci\u00f3n luego de realizar la inscripci\u00f3n. \u25cf FORMATO DE CURSADO: quincenal y bimodal. Seg\u00fan el m\u00f3dulo \u25cf HORARIO DE CURSADO:En general es quincenalmente, no siempre coincide exactamente cada 15 d\u00edas:Viernes de 18.30 a 21.30 hs.S\u00e1bados de 8.30 a 13.30 hs.Pueden variar a lo largo de toda la propuesta dependiendo de los m\u00f3dulos, la &#8230; <a title=\"ESPECIALIZACI\u00d3N: Enfermer\u00eda Industrial, en Alta monta\u00f1a, Miner\u00eda y Petr\u00f3leo\" class=\"read-more\" href=\"https:\/\/ies9026-infd.mendoza.edu.ar\/sitio\/postitulo-enfermeria-industrial-en-alta-montana-mineria-y-petroleo\/\" aria-label=\"More on ESPECIALIZACI\u00d3N: Enfermer\u00eda Industrial, en Alta monta\u00f1a, Miner\u00eda y Petr\u00f3leo\">[+]<\/a><\/p>\n","protected":false},"author":76,"featured_media":0,"parent":0,"menu_order":0,"comment_status":"closed","ping_status":"closed","template":"","meta":[],"acf":[],"_links":{"self":[{"href":"https:\/\/ies9026-infd.mendoza.edu.ar\/sitio\/wp-json\/wp\/v2\/pages\/2632"}],"collection":[{"href":"https:\/\/ies9026-infd.mendoza.edu.ar\/sitio\/wp-json\/wp\/v2\/pages"}],"about":[{"href":"https:\/\/ies9026-infd.mendoza.edu.ar\/sitio\/wp-json\/wp\/v2\/types\/page"}],"author":[{"embeddable":true,"href":"https:\/\/ies9026-infd.mendoza.edu.ar\/sitio\/wp-json\/wp\/v2\/users\/76"}],"replies":[{"embeddable":true,"href":"https:\/\/ies9026-infd.mendoza.edu.ar\/sitio\/wp-json\/wp\/v2\/comments?post=2632"}],"version-history":[{"count":6,"href":"https:\/\/ies9026-infd.mendoza.edu.ar\/sitio\/wp-json\/wp\/v2\/pages\/2632\/revisions"}],"predecessor-version":[{"id":3483,"href":"https:\/\/ies9026-infd.mendoza.edu.ar\/sitio\/wp-json\/wp\/v2\/pages\/2632\/revisions\/3483"}],"wp:attachment":[{"href":"https:\/\/ies9026-infd.mendoza.edu.ar\/sitio\/wp-json\/wp\/v2\/media?parent=2632"}],"curies":[{"name":"wp","href":"https:\/\/api.w.org\/{rel}","templated":true}]}}